{"id":4558,"date":"2019-05-29T09:15:14","date_gmt":"2019-05-29T09:15:14","guid":{"rendered":"https:\/\/rcrcconference.org\/home-page\/about-2\/2019-council-of-delegates\/themes-of-council-of-delegates-2019\/"},"modified":"2020-03-03T15:11:42","modified_gmt":"2020-03-03T15:11:42","slug":"themes-of-council-of-delegates-2019","status":"publish","type":"page","link":"https:\/\/rcrcconference.org\/es\/about-2\/2019-council-of-delegates\/themes-of-council-of-delegates-2019\/","title":{"rendered":"Temas del Consejo de Delegados 2019"},"content":{"rendered":"<section class=\"accordion-block\" style=\"background-color: #8C8C8C; color: #ffffff\" role=\"region\" aria-label=\"Pedges accordion block\">\n\t\t\t\t<ul class=\"accordion\">\n\t\t\t\t\t\t\t<li class=\"accordion__item\">\n\t\t\t\t\t<div class=\"accordion__title\" role=\"button\" aria-expanded=\"false\" aria-label=\"Rendici\u00f3n de cuentas e integridad \">\n\t\t\t\t\t\t<h3 class=\"accordion__title-h4\">Rendici\u00f3n de cuentas e integridad <\/h3>\n\t\t\t\t\t<\/div>\n\t\t\t\t\t<div class=\"accordion__content\" role=\"region\" hidden>\n\t\t\t\t\t\tLa rendici\u00f3n de cuentas y la integridad son fundamentales para la labor humanitaria eficaz y basada en principios. En vista de ello, el Movimiento ha destinado esfuerzos a consolidar su posici\u00f3n en varios aspectos de sus pol\u00edticas y sus programas que son claves en este sentido.<br> Estos esfuerzos pueden verse reflejados en algunas de las resoluciones aprobadas por el Consejo de Delegados celebrado en 2019 y en los temas tratados.<br> &#8211;\u00a0\u00a0\u00a0\u00a0\u00a0\u00a0\u00a0 Resoluci\u00f3n 1, \u00abCompromisos de todo el Movimiento en materia de participaci\u00f3n comunitaria y rendici\u00f3n de cuentas\u00bb.<br> &#8211;\u00a0\u00a0\u00a0\u00a0\u00a0\u00a0\u00a0 Resoluci\u00f3n 2, \u00abDeclaraci\u00f3n del Movimiento Internacional de la Cruz Roja y de la Media Luna Roja sobre integridad\u00bb.<br> &#8211;\u00a0\u00a0\u00a0\u00a0\u00a0\u00a0\u00a0 Resoluci\u00f3n 3, \u00abEnfoque del Movimiento Internacional de la Cruz Roja y de la Media Luna Roja para el fortalecimiento de la base jur\u00eddica y estatutaria y los marcos complementarios de las Sociedades Nacionales, tales como la Carta sobre servicio voluntario\u00bb.<br> Fortalecimiento de las relaciones c\u00edvico-militares para la gesti\u00f3n de desastres. \t\t\t\t\t<\/div>\n\t\t\t\t<\/li>\n\t\t\t\t\t\t\t<li class=\"accordion__item\">\n\t\t\t\t\t<div class=\"accordion__title\" role=\"button\" aria-expanded=\"false\" aria-label=\"Respuesta a necesidades y vulnerabilidades \">\n\t\t\t\t\t\t<h3 class=\"accordion__title-h4\">Respuesta a necesidades y vulnerabilidades <\/h3>\n\t\t\t\t\t<\/div>\n\t\t\t\t\t<div class=\"accordion__content\" role=\"region\" hidden>\n\t\t\t\t\t\tUno de los \u00e1mbitos centrales de la labor del Movimiento es la satisfacci\u00f3n de las necesidades de las personas y las comunidades afectadas por conflictos, desastres y otras emergencias, as\u00ed como la atenci\u00f3n de los factores que ponen en riesgo la capacidad de esas personas y comunidades para satisfacerlas. Tanto esas necesidades como los factores de riesgo cambian constantemente, por lo cual es preciso que el Movimiento cuente con pol\u00edticas y estrategias para que nuestra labor resulte eficaz y refleje las realidades del terreno. En el per\u00edodo previo al Consejo de Delegados, se dio impulso a cuatro aspectos principales, que luego derivaron en la aprobaci\u00f3n de resoluciones:<br> &#8211;\u00a0\u00a0\u00a0\u00a0\u00a0\u00a0\u00a0 Resoluci\u00f3n 5, \u00abPol\u00edtica del Movimiento Internacional de la Cruz Roja y de la Media Luna Roja sobre la atenci\u00f3n a necesidades psicosociales y de salud mental\u00bb.<br> &#8211;\u00a0\u00a0\u00a0\u00a0\u00a0\u00a0\u00a0 Resoluci\u00f3n 6, \u00abRestablecimiento del contacto entre familiares: estrategia para el Movimiento Internacional de la Cruz Roja y de la Media Luna Roja (2020-2025)\u00bb.<br> &#8211;\u00a0\u00a0\u00a0\u00a0\u00a0\u00a0\u00a0 Resoluci\u00f3n 7, \u00abFortalecimiento de la aplicaci\u00f3n de la Pol\u00edtica del Movimiento Internacional de la Cruz Roja y de la Media Luna Roja relativa al desplazamiento interno, tras diez a\u00f1os de vigencia\u00bb.<br> &#8211;\u00a0\u00a0\u00a0\u00a0\u00a0\u00a0\u00a0 Resoluci\u00f3n 9, \u00abFortalecimiento de la coordinaci\u00f3n y la cooperaci\u00f3n en el Movimiento (versi\u00f3n 2.0)\u00bb. \t\t\t\t\t<\/div>\n\t\t\t\t<\/li>\n\t\t\t\t\t<\/ul>\n\t<\/section>\n","protected":false},"excerpt":{"rendered":"","protected":false},"author":1,"featured_media":4026,"parent":3953,"menu_order":0,"comment_status":"closed","ping_status":"closed","template":"","meta":{"_acf_changed":false,"footnotes":""},"class_list":["post-4558","page","type-page","status-publish","has-post-thumbnail","hentry"],"acf":[],"_links":{"self":[{"href":"https:\/\/rcrcconference.org\/es\/wp-json\/wp\/v2\/pages\/4558"}],"collection":[{"href":"https:\/\/rcrcconference.org\/es\/wp-json\/wp\/v2\/pages"}],"about":[{"href":"https:\/\/rcrcconference.org\/es\/wp-json\/wp\/v2\/types\/page"}],"author":[{"embeddable":true,"href":"https:\/\/rcrcconference.org\/es\/wp-json\/wp\/v2\/users\/1"}],"replies":[{"embeddable":true,"href":"https:\/\/rcrcconference.org\/es\/wp-json\/wp\/v2\/comments?post=4558"}],"version-history":[{"count":5,"href":"https:\/\/rcrcconference.org\/es\/wp-json\/wp\/v2\/pages\/4558\/revisions"}],"predecessor-version":[{"id":15559,"href":"https:\/\/rcrcconference.org\/es\/wp-json\/wp\/v2\/pages\/4558\/revisions\/15559"}],"up":[{"embeddable":true,"href":"https:\/\/rcrcconference.org\/es\/wp-json\/wp\/v2\/pages\/3953"}],"wp:featuredmedia":[{"embeddable":true,"href":"https:\/\/rcrcconference.org\/es\/wp-json\/wp\/v2\/media\/4026"}],"wp:attachment":[{"href":"https:\/\/rcrcconference.org\/es\/wp-json\/wp\/v2\/media?parent=4558"}],"curies":[{"name":"wp","href":"https:\/\/api.w.org\/{rel}","templated":true}]}}

<section class="accordion-block" style="background-color: #8C8C8C; color: #ffffff" role="region" aria-label="Pedges accordion block">
				<ul class="accordion">
							<li class="accordion__item">
					<div class="accordion__title" role="button" aria-expanded="false" aria-label="Rendición de cuentas e integridad ">
						<h3 class="accordion__title-h4">Rendición de cuentas e integridad </h3>
					</div>
					<div class="accordion__content" role="region" hidden>
						La rendición de cuentas y la integridad son fundamentales para la labor humanitaria eficaz y basada en principios. En vista de ello, el Movimiento ha destinado esfuerzos a consolidar su posición en varios aspectos de sus políticas y sus programas que son claves en este sentido.<br> Estos esfuerzos pueden verse reflejados en algunas de las resoluciones aprobadas por el Consejo de Delegados celebrado en 2019 y en los temas tratados.<br> &#8211;        Resolución 1, «Compromisos de todo el Movimiento en materia de participación comunitaria y rendición de cuentas».<br> &#8211;        Resolución 2, «Declaración del Movimiento Internacional de la Cruz Roja y de la Media Luna Roja sobre integridad».<br> &#8211;        Resolución 3, «Enfoque del Movimiento Internacional de la Cruz Roja y de la Media Luna Roja para el fortalecimiento de la base jurídica y estatutaria y los marcos complementarios de las Sociedades Nacionales, tales como la Carta sobre servicio voluntario».<br> Fortalecimiento de las relaciones cívico-militares para la gestión de desastres. 					</div>
				</li>
							<li class="accordion__item">
					<div class="accordion__title" role="button" aria-expanded="false" aria-label="Respuesta a necesidades y vulnerabilidades ">
						<h3 class="accordion__title-h4">Respuesta a necesidades y vulnerabilidades </h3>
					</div>
					<div class="accordion__content" role="region" hidden>
						Uno de los ámbitos centrales de la labor del Movimiento es la satisfacción de las necesidades de las personas y las comunidades afectadas por conflictos, desastres y otras emergencias, así como la atención de los factores que ponen en riesgo la capacidad de esas personas y comunidades para satisfacerlas. Tanto esas necesidades como los factores de riesgo cambian constantemente, por lo cual es preciso que el Movimiento cuente con políticas y estrategias para que nuestra labor resulte eficaz y refleje las realidades del terreno. En el período previo al Consejo de Delegados, se dio impulso a cuatro aspectos principales, que luego derivaron en la aprobación de resoluciones:<br> &#8211;        Resolución 5, «Política del Movimiento Internacional de la Cruz Roja y de la Media Luna Roja sobre la atención a necesidades psicosociales y de salud mental».<br> &#8211;        Resolución 6, «Restablecimiento del contacto entre familiares: estrategia para el Movimiento Internacional de la Cruz Roja y de la Media Luna Roja (2020-2025)».<br> &#8211;        Resolución 7, «Fortalecimiento de la aplicación de la Política del Movimiento Internacional de la Cruz Roja y de la Media Luna Roja relativa al desplazamiento interno, tras diez años de vigencia».<br> &#8211;        Resolución 9, «Fortalecimiento de la coordinación y la cooperación en el Movimiento (versión 2.0)». 					</div>
				</li>
					</ul>
	</section>
