{"id":3953,"date":"2019-05-12T21:22:19","date_gmt":"2019-05-12T21:22:19","guid":{"rendered":"https:\/\/rcrcconference.org\/home-page\/about-2\/2019-council-of-delegates\/"},"modified":"2019-12-04T10:17:14","modified_gmt":"2019-12-04T10:17:14","slug":"2019-council-of-delegates","status":"publish","type":"page","link":"https:\/\/rcrcconference.org\/es\/about-2\/2019-council-of-delegates\/","title":{"rendered":"Consejo de Delegados 2019"},"content":{"rendered":"<section class=\"banner\" style=\"background-image: url('https:\/\/rcrcconference.org\/app\/uploads\/2019\/05\/28704055483_fb0ce28082_o.jpg');\">\n\t<div class=\"container\">\n\t\t<div class=\"banner__inner\">\n\t\t\t<span class=\"banner__subtitle\">El 8 de diciembre en Ginebra<\/span>\n\t\t\t<div class=\"banner__title\">\n\t\t\t\t<h1>Consejo de Delegados 2019 <\/h1>\n\t\t\t<\/div>\n\t\t\t\t\t<\/div>\n\t<\/div>\n<\/section>\n\n\n<section class=\"quick-links\">\n    <div class=\"container\">\n        <div class=\"quick-links__inner\">\n            <div class=\"quick-links__title\">\n                \n                                    <div class=\"slider-btn-wrap\">\n                        <a href=\"#\" class=\"slider-btn prev\"><\/a>\n                        <a href=\"#\" class=\"slider-btn next\"><\/a>\n                    <\/div>\n                                            <\/div>\n            <ul class=\"quick-links__slider\">\n                                            <li class=\"quick-links-item hover\">\n                                <div class=\"quick-links-item__info\">\n                                    <div class=\"quick-links-item__title\">\n                                        <h4>Documentos<\/h4>\n                                    <\/div>\n                                                                    <\/div>\n                                                                    <div class=\"quick-links-item__button\">\n                                        <a href=\"https:\/\/rcrcconference.org\/es\/about-2\/2019-council-of-delegates\/documents-of-council-of-delegates\/\"\n                                             class=\"button\">Go to the page<\/a>\n                                    <\/div>\n                                                            <\/li>\n                                                    <li class=\"quick-links-item hover\">\n                                <div class=\"quick-links-item__info\">\n                                    <div class=\"quick-links-item__title\">\n                                        <h4>Temas<\/h4>\n                                    <\/div>\n                                                                    <\/div>\n                                                                    <div class=\"quick-links-item__button\">\n                                        <a href=\"https:\/\/rcrcconference.org\/es\/about-2\/2019-council-of-delegates\/themes-of-council-of-delegates-2019\/\"\n                                             class=\"button\">Go to the page<\/a>\n                                    <\/div>\n                                                            <\/li>\n                                    <\/ul>\n        <\/div>\n    <\/div>\n<\/section>\n\n\n\n<div class=\"wp-block-image\"><figure class=\"aligncenter size-full\"><a href=\"https:\/\/rcrcconference.org\/app\/uploads\/2019\/12\/ConferenceGuide_27-Nov-CLEAN-ES.pdf\" target=\"_blank\" rel=\"noreferrer noopener\"><img loading=\"lazy\" decoding=\"async\" width=\"1200\" height=\"200\" src=\"https:\/\/rcrcconference.org\/app\/uploads\/2019\/12\/Untitled-1_edited-1.jpg\" alt=\"\" class=\"wp-image-13052\" srcset=\"https:\/\/rcrcconference.org\/app\/uploads\/2019\/12\/Untitled-1_edited-1.jpg 1200w, https:\/\/rcrcconference.org\/app\/uploads\/2019\/12\/Untitled-1_edited-1-300x50.jpg 300w, https:\/\/rcrcconference.org\/app\/uploads\/2019\/12\/Untitled-1_edited-1-1024x171.jpg 1024w, https:\/\/rcrcconference.org\/app\/uploads\/2019\/12\/Untitled-1_edited-1-768x128.jpg 768w\" sizes=\"(max-width: 1200px) 100vw, 1200px\" \/><\/a><\/figure><\/div>\n\n\n\n<div style=\"height:100px\" aria-hidden=\"true\" class=\"wp-block-spacer\"><\/div>\n\n\n\t<section class=\"pledges-banner-wrap\">\n\t<div class=\"container\">\n\t\t<div class=\"pledges-banner\">\n\t\t\t<div class=\"pledges-banner__pic\">\n\t\t\t\t<img decoding=\"async\" src=\"https:\/\/rcrcconference.org\/app\/uploads\/2019\/05\/22316501652_c4c32b1a2c_o.jpg\" alt=\"article-pic\">\n\t\t\t<\/div>\n\t\t\t<div class=\"pledges-banner__content\">\n\t\t\t\t<div class=\"pledges-banner__content-inner\">\n\t\t\t\t\tEl principal objetivo del Consejo de Delegados que se celebrar\u00e1 en 2019 es mejorar la efectividad de la acci\u00f3n humanitaria del Movimiento y establecer una posici\u00f3n s\u00f3lida, \u00fanica y uniforme del Movimiento acerca de los temas esenciales con miras a la XXXIII Conferencia Internacional de la Cruz Roja y de la Media Luna Roja.\nEl Consejo de Delegados tendr\u00e1 lugar el d\u00eda previo a la realizaci\u00f3n de la Conferencia Internacional, ocasi\u00f3n en que las Altas Partes Contratantes en los Convenios de Ginebra se re\u00fanen con los componentes del Movimiento para tomar decisiones y debatir cuestiones fundamentales de inter\u00e9s humanitario. El Consejo de Delegados tendr\u00e1 la singular tarea de adoptar un orden del d\u00eda provisional para la Conferencia Internacional y sus funcionarios propuestos, y se llevar\u00e1 a cabo el 8 de diciembre de 2019, durante todo el d\u00eda. Trabajar\u00e1 en sesi\u00f3n plenaria solo durante su reuni\u00f3n de 2019.\nEn el esquema propuesto, se ofrece un resumen provisional de los temas propuestos para deliberaci\u00f3n en el Consejo de Delegados que se celebrar\u00e1 en 2019. Constan divididos en dos \u00e1mbitos principales: rendici\u00f3n de cuentas e integridad, e intervenci\u00f3n ante necesidades y vulnerabilidades. Bajo estas dos esferas y sus respectivos temas se abarca las dimensiones fundamentales de la labor que lleva adelante el Movimiento y en las que se requiere acci\u00f3n en vista de su significativa incidencia en la vida de las personas y las comunidades. Se trata de dos \u00e1mbitos a cuyo respecto son necesarias deliberaciones o se ha previsto la adopci\u00f3n de decisiones. Abarcan temas abordados en resoluciones anteriores o propuestos en seminarios pr\u00e1cticos organizados en reuniones previas del Consejo de Delegados.\t\t\t\t<\/div>\n\t\t\t<\/div>\n\t\t<\/div>\n\t<\/div>\n<\/section>\n","protected":false},"excerpt":{"rendered":"","protected":false},"author":1,"featured_media":1899,"parent":2033,"menu_order":0,"comment_status":"closed","ping_status":"closed","template":"front-page.php","meta":{"_acf_changed":false,"footnotes":""},"class_list":["post-3953","page","type-page","status-publish","has-post-thumbnail","hentry"],"acf":[],"_links":{"self":[{"href":"https:\/\/rcrcconference.org\/es\/wp-json\/wp\/v2\/pages\/3953"}],"collection":[{"href":"https:\/\/rcrcconference.org\/es\/wp-json\/wp\/v2\/pages"}],"about":[{"href":"https:\/\/rcrcconference.org\/es\/wp-json\/wp\/v2\/types\/page"}],"author":[{"embeddable":true,"href":"https:\/\/rcrcconference.org\/es\/wp-json\/wp\/v2\/users\/1"}],"replies":[{"embeddable":true,"href":"https:\/\/rcrcconference.org\/es\/wp-json\/wp\/v2\/comments?post=3953"}],"version-history":[{"count":9,"href":"https:\/\/rcrcconference.org\/es\/wp-json\/wp\/v2\/pages\/3953\/revisions"}],"predecessor-version":[{"id":13171,"href":"https:\/\/rcrcconference.org\/es\/wp-json\/wp\/v2\/pages\/3953\/revisions\/13171"}],"up":[{"embeddable":true,"href":"https:\/\/rcrcconference.org\/es\/wp-json\/wp\/v2\/pages\/2033"}],"wp:featuredmedia":[{"embeddable":true,"href":"https:\/\/rcrcconference.org\/es\/wp-json\/wp\/v2\/media\/1899"}],"wp:attachment":[{"href":"https:\/\/rcrcconference.org\/es\/wp-json\/wp\/v2\/media?parent=3953"}],"curies":[{"name":"wp","href":"https:\/\/api.w.org\/{rel}","templated":true}]}}

<section class="banner" style="background-image: url('https://rcrcconference.org/app/uploads/2019/05/28704055483_fb0ce28082_o.jpg');">
	<div class="container">
		<div class="banner__inner">
			<span class="banner__subtitle">El 8 de diciembre en Ginebra</span>
			<div class="banner__title">
				<h1>Consejo de Delegados 2019 </h1>
			</div>
					</div>
	</div>
</section>


<section class="quick-links">
    <div class="container">
        <div class="quick-links__inner">
            <div class="quick-links__title">
                
                                    <div class="slider-btn-wrap">
                        <a href="#" class="slider-btn prev"></a>
                        <a href="#" class="slider-btn next"></a>
                    </div>
                                            </div>
            <ul class="quick-links__slider">
                                            <li class="quick-links-item hover">
                                <div class="quick-links-item__info">
                                    <div class="quick-links-item__title">
                                        <h4>Documentos</h4>
                                    </div>
                                                                    </div>
                                                                    <div class="quick-links-item__button">
                                        <a href="https://rcrcconference.org/es/about-2/2019-council-of-delegates/documents-of-council-of-delegates/"
                                             class="button">Go to the page</a>
                                    </div>
                                                            </li>
                                                    <li class="quick-links-item hover">
                                <div class="quick-links-item__info">
                                    <div class="quick-links-item__title">
                                        <h4>Temas</h4>
                                    </div>
                                                                    </div>
                                                                    <div class="quick-links-item__button">
                                        <a href="https://rcrcconference.org/es/about-2/2019-council-of-delegates/themes-of-council-of-delegates-2019/"
                                             class="button">Go to the page</a>
                                    </div>
                                                            </li>
                                    </ul>
        </div>
    </div>
</section>



<div class="wp-block-image"><figure class="aligncenter size-full"><a href="https://rcrcconference.org/app/uploads/2019/12/ConferenceGuide_27-Nov-CLEAN-ES.pdf" target="_blank" rel="noreferrer noopener"><img loading="lazy" decoding="async" width="1200" height="200" src="https://rcrcconference.org/app/uploads/2019/12/Untitled-1_edited-1.jpg" alt="" class="wp-image-13052" srcset="https://rcrcconference.org/app/uploads/2019/12/Untitled-1_edited-1.jpg 1200w, https://rcrcconference.org/app/uploads/2019/12/Untitled-1_edited-1-300x50.jpg 300w, https://rcrcconference.org/app/uploads/2019/12/Untitled-1_edited-1-1024x171.jpg 1024w, https://rcrcconference.org/app/uploads/2019/12/Untitled-1_edited-1-768x128.jpg 768w" sizes="(max-width: 1200px) 100vw, 1200px" /></a></figure></div>



<div style="height:100px" aria-hidden="true" class="wp-block-spacer"></div>


	<section class="pledges-banner-wrap">
	<div class="container">
		<div class="pledges-banner">
			<div class="pledges-banner__pic">
				<img decoding="async" src="https://rcrcconference.org/app/uploads/2019/05/22316501652_c4c32b1a2c_o.jpg" alt="article-pic">
			</div>
			<div class="pledges-banner__content">
				<div class="pledges-banner__content-inner">
					El principal objetivo del Consejo de Delegados que se celebrará en 2019 es mejorar la efectividad de la acción humanitaria del Movimiento y establecer una posición sólida, única y uniforme del Movimiento acerca de los temas esenciales con miras a la XXXIII Conferencia Internacional de la Cruz Roja y de la Media Luna Roja.
El Consejo de Delegados tendrá lugar el día previo a la realización de la Conferencia Internacional, ocasión en que las Altas Partes Contratantes en los Convenios de Ginebra se reúnen con los componentes del Movimiento para tomar decisiones y debatir cuestiones fundamentales de interés humanitario. El Consejo de Delegados tendrá la singular tarea de adoptar un orden del día provisional para la Conferencia Internacional y sus funcionarios propuestos, y se llevará a cabo el 8 de diciembre de 2019, durante todo el día. Trabajará en sesión plenaria solo durante su reunión de 2019.
En el esquema propuesto, se ofrece un resumen provisional de los temas propuestos para deliberación en el Consejo de Delegados que se celebrará en 2019. Constan divididos en dos ámbitos principales: rendición de cuentas e integridad, e intervención ante necesidades y vulnerabilidades. Bajo estas dos esferas y sus respectivos temas se abarca las dimensiones fundamentales de la labor que lleva adelante el Movimiento y en las que se requiere acción en vista de su significativa incidencia en la vida de las personas y las comunidades. Se trata de dos ámbitos a cuyo respecto son necesarias deliberaciones o se ha previsto la adopción de decisiones. Abarcan temas abordados en resoluciones anteriores o propuestos en seminarios prácticos organizados en reuniones previas del Consejo de Delegados.				</div>
			</div>
		</div>
	</div>
</section>
